0 = -54*c + 52*c - 32. Is (c - -21)*46983/15 a prime number?
True
Let s = -214202 + 359013. Is s a prime number?
False
Let p(i) = -4*i**3 - i**2 + 10*i + 17606. Is p(0) a prime number?
False
Let w be ((-4)/(-6))/((-40)/356820). Let a = 11748 + w. Is a prime?
True
Let y be (-10)/45 + 166/18. Let z be (-15)/(-9) + (-6)/y. Is 114/36 + z/(-6) + 334 a prime number?
True
Let n(b) = 7*b - 96. Let o be n(14). Suppose 3*w - 10884 = -4*z - 2051, 4*w = o*z + 11748. Is w prime?
True
Let p(s) = 21*s**2 - 24*s - 746. Is p(51) prime?
False
Suppose -2*g + 0 = -4. Suppose 0 = -g*d + 2, 0*z = 5*z - 3*d + 8. Let l(c) = -3300*c - 1. Is l(z) a composite number?
False
Suppose -z + 0*z + 12 = x, -36 = -3*z - 4*x. Let s be (-157738)/(-10) - (z/(-10) + 1). Suppose 4 = -2*a, a + s = -2*v + 6*v. Is v a prime number?
True
Let l(a) = a**3 - 4*a**2 + 9. Let q be l(3). Suppose q = -j + 884 + 2279. Is j composite?
False
Let f be 3/3 + 3 - 1. Suppose f*w - 2*w = -k + 10, -4*w + k + 60 = 0. Let c(z) = z**2 - z + 29. Is c(w) a prime number?
True
Is 24/(-504)*3 - (-514284)/7 a composite number?
True
Let n = 170 - -512. Let s = 382 - n. Let b = s + 719. Is b a prime number?
True
Let j(k) = 5*k**2 - 29*k - 39. Let h = -25 + 51. Is j(h) a composite number?
True
Let d = 365497 - 213776. Is d a prime number?
False
Suppose -17*a + 55*a - 96900 = 0. Let u = a + 1237. Is u a prime number?
False
Let l(h) = -560*h - 579. Is l(-8) composite?
True
Suppose -16*a = -10*a - 8652. Let z = a + 884. Suppose -2850 = -8*x + z. Is x a composite number?
False
Let c(r) = 1926*r**2 + 117*r - 1297. Is c(10) prime?
False
Is (-1)/4 + -6*(-6706487)/456 a prime number?
False
Let n(t) = 5557*t - 1970. Is n(13) a prime number?
True
Is 20799 + (495/90 - (-6)/(-4)) composite?
True
Suppose 4*b - 16 = 0, 3*l = 7*l + 2*b - 48. Let q(y) = 4*y**3 + 11*y**2 - y - 13. Is q(l) a composite number?
False
Let c(a) = 202*a**2 + a - 19. Let m(k) = 3*k + 37. Let r be m(-11). Is c(r) a prime number?
True
Let i = 294 + -291. Is (-7 + 6)/(i/(-381)) a composite number?
False
Let g(k) = 8928*k**2 + 62*k - 429. Is g(7) prime?
False
Suppose 333714 = -12*y + 16*y - 3*s, 333710 = 4*y - s. Is y a prime number?
False
Suppose -4*v = 3*x - 695, -663 = -4*x + v + 251. Suppose -5*c + 4659 - x = 0. Let b = 2139 - c. Is b composite?
True
Let a(c) = 250*c**2 - 35*c + 144. Let w(t) = -248*t**2 + 34*t - 143. Let i(y) = -4*a(y) - 5*w(y). Is i(4) prime?
False
Let w = -1241 - -2930. Let z be (17097/139)/(6/(-56)). Let a = z + w. Is a composite?
False
Is 18 - 78/4 - (-306674)/4 a prime number?
True
Let p(z) = 309*z**2 - 60*z + 14. Is p(21) prime?
False
Let v(d) = 78*d - 3. Let j(l) = 26*l - 1. Let r(c) = -7*j(c) + 2*v(c). Suppose 20 = -4*z - 4*b - 12, 0 = -4*z + 3*b + 3. Is r(z) a prime number?
True
Suppose 9*r - 31 = 5. Suppose -j = -5*g - 1763, -9*j - 3550 = -11*j + r*g. Is j a composite number?
False
Let y(v) = -8904*v + 47. Is y(-1) a prime number?
True
Suppose 22*t = 15*t + 447307. Is t composite?
False
Let k(n) = -n**2 - 21*n - 38. Let q = -60 + 41. Let v be k(q). Suppose -3*f + 0*f = 5*r - 901, v = 3*f + 3*r - 909. Is f prime?
True
Is 2369310645/1950 + (-3)/30 a prime number?
False
Let q = 15260 - -15009. Is q a prime number?
True
Is 103966 - (-15 + -1 - -3) composite?
False
Let q(y) be the second derivative of 0 - 9/2*y**2 + 17/6*y**3 + 13*y. Is q(4) a prime number?
True
Let m(r) = -r**3 - 14*r**2 + 17*r + 30. Let p be m(-15). Suppose 2*i - 3606 - 7789 = -5*u, 5*u + 4*i - 11385 = p. Is u prime?
True
Let i = -5060 - -21303. Is i composite?
True
Let c be (-5)/(-2)*((-9)/(-3) - 1). Let x be ((-4)/c)/(8/20). Is x/4*19294/(-11) composite?
False
Suppose l + 100 = 25. Let d = l - -76. Is d/((-10)/22)*-115 composite?
True
Suppose 5*l + 13 + 2 = 0, 4*x - 41315 = -3*l. Is x a prime number?
True
Let n(o) = o**3 + 27*o**2 + o + 29. Let k be n(-27). Is (33/18 - k)*-24546 a prime number?
True
Suppose -r = -l - 5*r + 1410, 0 = 5*r - 5. Let d = -636 + l. Suppose -5*t - 5*h = -d, -8*h + 25 = -3*h. Is t a composite number?
False
Let g(t) = 2624*t**2 - 573*t - 16. Is g(13) composite?
True
Let d(y) = -15689*y + 10. Let k be d(-2). Suppose 10322 + k = 10*m. Is m prime?
False
Is -381 + 375 - (0 + -35787 - -2) prime?
False
Let t = 508729 + 2160. Is t prime?
True
Let p = -248 + 252. Let l(t) = 391*t - 5. Is l(p) a composite number?
False
Suppose 11*i - 21*i - 6*i + 9231184 = 0. Is i a composite number?
False
Let n(u) be the third derivative of u**5/4 + 9*u**4/8 - 11*u**3/6 + 68*u**2. Is n(17) a composite number?
False
Let l(w) be the first derivative of 483*w**2/2 + 7*w + 492. Let x(n) = 9*n**2 + 1. Let v be x(1). Is l(v) prime?
False
Let h(c) = -1678*c**3 + c**2 + 18*c - 2. Is h(-3) composite?
False
Let v(l) = 8956*l**2 + 17*l + 10. Is v(9) prime?
False
Suppose 4*u + 105 = 101. Is 4/(-10) + 56664/60 + u a composite number?
True
Let z = -28594 + 130275. Is z a prime number?
True
Let d(q) = 819*q**2 - 131*q + 88. Is d(-14) prime?
False
Is 15536087/77 + 44/(-121) composite?
False
Suppose -3*n + 25 = 2*k, -4*k + 5*k - 5 = 0. Is 3449/5*21 + (-4)/n a composite number?
True
Let x(g) = -3*g**3 + 22*g - 5. Let t(n) = 2*n**3 - n**2 - 21*n + 4. Let s(q) = -6*t(q) - 5*x(q). Is s(16) a prime number?
True
Is (34486/(-8))/(8/(-32) + 0) a prime number?
False
Let r = 168 - 160. Is r/24 - (83976/9)/(-4) a prime number?
True
Suppose 3*w + 14 = -2*v - 7, -2*v - 2*w = 16. Let h be 33 + -3 + 12/(-9)*v. Suppose -20 = -5*s, 0 = -t - 2*s + 169 - h. Is t a composite number?
False
Suppose -10*l + 67103 = -2*l - 296745. Is l a prime number?
True
Suppose -2*w = 2*z - 6, -1 = -3*w + z + 24. Suppose -w*r - 1443 = 657. Is r/(-21) - 2/7 a prime number?
False
Let f(v) = 133*v**2 + 25*v - 160. Is f(6) a composite number?
True
Suppose -1790*l + 5*a = -1788*l - 1440338, l + 4*a = 720195. Is l a composite number?
False
Let g(b) = 222*b - 13. Let o(w) = 221*w - 12. Suppose -4*t - 24 = 2*x - 0*x, 5*x - 4*t = -18. Let y(u) = x*o(u) + 5*g(u). Is y(-4) composite?
True
Let i(t) = 555*t**2 - 31*t + 191. Is i(9) composite?
False
Let z(l) = 2449*l**3 - 8 + 9 + 1119*l**3 - l + l**2. Is z(1) composite?
True
Let f = 2247 - -34276. Is f composite?
False
Is (-5148250 + (-7 - -20))/(-3) prime?
True
Let o be (-2)/(-10)*1 + 226431/45. Suppose o = 5*f - 6633. Is f a composite number?
False
Let j be ((-10)/(-1 + 6))/(-1). Is (3/(-12))/(j/(-1784)) prime?
True
Let z(b) = 1373 - b - 212 + 455. Let f be z(0). Is (14/(-6))/7 - f/(-6) a composite number?
False
Suppose 6*v + v = -4*v. Suppose 3*c + c - 2708 = v. Is c a prime number?
True
Suppose r = 3*o - 12, -3*r + 4*o = -10 + 21. Suppose -r*u + 14 = 2. Suppose -3*t + 2*y + 173 = 4*y, 303 = 5*t - u*y. Is t prime?
True
Let r be 2*(-2 - (-12 + 3)). Let t = r + -11. Suppose 3*b - 1814 = -2*v - b, -t*v + 2729 = 2*b. Is v composite?
False
Suppose -8*a + 26 = -6. Suppose -2*c - 8 = 0, 4*r - 2*c = -a*c + 61788. Is r a prime number?
False
Suppose 0 = 6*l + 7*r - 2*r + 1803, -l + 4*r = 286. Let g = 757 - l. Is g a prime number?
False
Let o(v) = -52*v**2 - 17*v - 61. Let q be o(-11). Is ((-3 - -4) + 3)*q/(-8) composite?
False
Let l = -31 + -3805. Let w = l - -11829. Is w prime?
True
Let o(n) = 161*n + 14. Let g = -167 - -110. Let r = -50 - g. Is o(r) prime?
False
Let n(w) = -145*w**3 - 9*w**2 + 38*w - 9. Is n(-7) a prime number?
True
Let b(y) = -y**3 - 6*y**2 + 6*y - 15. Let u be b(-7). Is (-23187)/2*(u - (-176)/24) composite?
True
Let k(u) = -2*u**2 - 64*u - 57. Let n be k(-31). Suppose -n*c + 1795 = -7860. Is c prime?
True
Suppose 12*k - 14*k + 12 = 0. Suppose 5*u - 2*w = k*u - 761, 2327 = 3*u - 5*w. Is u a prime number?
True
Suppose -3*f + 24 = 9*f. Let p be f/3 + ((-240)/(-9))/(-4). Is (-614)/(((-3)/p)/((-1)/2)) a composite number?
True
Let s = -225852 - -341423. Is s composite?
False
Suppose 21246 = 4*p + 3*g + 4123, -3*p - 5*g = -12834. Is p composite?
False
Let k be (-26)/91 - (-65)/7. Let f(d) = 4*d**2 - d + 18. Let w be f(k). Let c = 652 - w. Is c prime?
False
Suppose -26*d = -102*d + 79466740. Is d composite?
True
Is (-49892)/2*(-42 + 1116/72) composite?
True
Let k be 512/88 - (-2)/11. Suppose -2*v + 12 = -4*l, 22 = -k*v + v - 3*l. Is ((-66)/(-22))/((-3)/v) a prime number?
True
Suppose 0 = -77*w + 66*w + 44. Suppose 0 = -2*g + 3*n + 12644, 0 = 4*g - w*n - 4687 - 20597. 